{"id":172,"date":"2025-10-29T13:19:17","date_gmt":"2025-10-29T13:19:17","guid":{"rendered":"https:\/\/bidragtilghana.dk\/?page_id=172"},"modified":"2026-04-08T00:34:11","modified_gmt":"2026-04-08T00:34:11","slug":"saadan-stoetter-du","status":"publish","type":"page","link":"http:\/\/bidragtilghana.dk\/?page_id=172","title":{"rendered":"S\u00e5dan st\u00f8tter du"},"content":{"rendered":"<div class=\"brz brz-root__container brz-reset-all brz-root__container-page\">\n<section id=\"mtVUaRGCK45x_mtVUaRGCK45x\" class=\"brz-section brz-css-xg1rzw brz-css-1361elj\">\n<div class=\"brz-section__content brz-section--boxed brz-css-nfxjfb brz-css-1tkm7bz\" data-brz-custom-id=\"u1MoZ9wAFaxf\">\n<div class=\"brz-bg\">\n<div class=\"brz-bg-color\"><\/div>\n<\/div>\n<div class=\"brz-container brz-css-1ujo5n2 brz-css-1exezyt\">\n<div id=\"\" class=\"brz-css-m34the brz-css-1ljkyro brz-wrapper\">\n<div class=\"brz-rich-text brz-rich-text__custom brz-css-13onl6p brz-css-kpsz29\" data-brz-custom-id=\"mNmguGdCnzOe\">\n<div data-brz-translate-text=\"1\">\n<h1 data-uniq-id=\"pkEec\" data-generated-css=\"brz-css-eV3lv\" class=\"brz-tp-lg-heading1 brz-css-w_wie\"><span class=\"brz-cp-color3\">S\u00e5dan st\u00f8tter du<\/span><\/h1>\n<\/div>\n<\/div>\n<\/div>\n<div id=\"\" class=\"brz-css-m34the brz-css-gqnz3r brz-wrapper\">\n<div class=\"brz-image brz-css-cgbwx6 brz-css-erxo2t\" data-brz-custom-id=\"uB01IKGUgq2L\"><img decoding=\"async\" class=\"brz-img\" src=\"https:\/\/bidragtilghana.dk\/wp-content\/uploads\/2025\/10\/sadan-stotter-du-scaled.jpg\" loading=\"lazy\" alt=\"\" title=\"sadan-stotter-du\"><\/div>\n<\/div>\n<div id=\"\" class=\"brz-css-m34the brz-css-o5dmn5 brz-wrapper\">\n<div class=\"brz-rich-text brz-rich-text__custom brz-css-13onl6p brz-css-7zrc64\" data-brz-custom-id=\"wAIFHw9pyA80\">\n<div data-brz-translate-text=\"1\">\n<p class=\"brz-tp-lg-paragraph brz-css-xgd4I\" data-uniq-id=\"luGcd\" data-generated-css=\"brz-css-m7GnL\"><span class=\"brz-cp-color1\">Medlemmer er foreningens fundament. Derfor er hvert eneste medlem vigtig for foreningen.<\/span><\/p>\n<p class=\"brz-tp-lg-paragraph brz-css-uvMA_\" data-uniq-id=\"aNIo0\" data-generated-css=\"brz-css-fCKit\"><span class=\"brz-cp-color1\">Der er 2 medlemskategorier:<\/span><\/p>\n<p class=\"brz-tp-lg-paragraph brz-css-iDvwa\" data-uniq-id=\"jjwCq\" data-generated-css=\"brz-css-j9CVk\"><strong class=\"brz-cp-color1\">\u00c5rsmedlem<\/strong><span class=\"brz-cp-color1\">: Her er du medlem af foreningen og st\u00f8tter ideen om at BtG samarbejder med HOPin Academy om udvikling for unge iv\u00e6rks\u00e6ttere i Ghana. Det koster 150 kr. \u00e5rligt, men man m\u00e5 gerne betale mere.<\/span><\/p>\n<p class=\"brz-tp-lg-paragraph brz-css-rLblW\" data-uniq-id=\"fWqg1\" data-generated-css=\"brz-css-cqeap\"><strong class=\"brz-cp-color1\">St\u00f8ttemedlem<\/strong><span class=\"brz-cp-color1\">: Her st\u00f8tter du BtG med et m\u00e5nedligt bel\u00f8b. Der er st\u00f8ttemedlemmer med bidrag fra 25 \u2013 200 kr. m\u00e5nedligt. Pengene g\u00e5r ubesk\u00e5ret til HOPin Academy. I 2024 og 2025 st\u00f8ttes HOPin Academy med 50.000 kr. \u00e5rligt.<\/span><\/p>\n<p class=\"brz-tp-lg-paragraph brz-css-zxBhk\" data-uniq-id=\"cisvu\" data-generated-css=\"brz-css-nN5dH\"><strong class=\"brz-cp-color1\">S\u00e5dan g\u00f8r du, hvis du vil st\u00f8tte foreningen:<\/strong><\/p>\n<ol>\n<li class=\"brz-tp-lg-paragraph brz-bcp-color1 brz-css-bUXt9\" data-uniq-id=\"ybPcS\" data-generated-css=\"brz-css-jklf3\"><span class=\"brz-cp-color1\">Skriv en mail til MIchael S\u00f8rensen (forperson) om hvilken kategori af medlemskab, du \u00f8nsker at tegne. Skriv dit fulde navn, adresse og telefonnummer og mailadresse.<\/span><\/li>\n<li class=\"brz-tp-lg-paragraph brz-css-g5hDP\" data-uniq-id=\"bdnDd\" data-generated-css=\"brz-css-p6JSV\"><span class=\"brz-cp-color1\">Indbetal bel\u00f8b p\u00e5 f\u00f8lgende kontonummer: 7170 0002208688 (&nbsp;<\/span><strong class=\"brz-cp-color1\">husk at skrive dit navn<\/strong><span class=\"brz-cp-color1\">)<\/span><\/li>\n<\/ol>\n<p class=\"brz-tp-lg-paragraph brz-css-mzrL8\" data-uniq-id=\"pF3_h\" data-generated-css=\"brz-css-bZE8N\"><span class=\"brz-cp-color1\">N\u00e5r indbetalingen er registreret, er du medlem af Bidrag til Ghana.<\/span><\/p>\n<p class=\"brz-tp-lg-paragraph brz-css-o0XKg\" data-uniq-id=\"fT78h\" data-generated-css=\"brz-css-wVIY2\"><\/p>\n<p class=\"brz-tp-lg-paragraph brz-css-mYG7i\" data-uniq-id=\"sLxn4\" data-generated-css=\"brz-css-gp2b4\"><strong class=\"brz-cp-color1\">Oplysninger om foreningen kan f\u00e5s ved at rette henvendelse til:<\/strong><\/p>\n<p class=\"brz-tp-lg-paragraph brz-css-kxmjy\" data-uniq-id=\"je6pN\" data-generated-css=\"brz-css-xR8AN\"><span class=\"brz-cp-color1\">Michael S\u00f8rensen<\/span><\/p>\n<p class=\"brz-tp-lg-paragraph brz-css-fwVJJ\" data-uniq-id=\"iRwTb\" data-generated-css=\"brz-css-zHM9g\"><span class=\"brz-cp-color1\">Email: desbana@gmail.com<\/span><\/p>\n<p class=\"brz-tp-lg-paragraph brz-css-gdEAt\" data-uniq-id=\"f3orw\" data-generated-css=\"brz-css-cvZFs\"><span class=\"brz-cp-color1\">Mobil: +4550562859<\/span><\/p>\n<\/div>\n<\/div>\n<\/div>\n<\/div>\n<\/div>\n<\/section><\/div>\n<p><!-- version:1762345749 --><\/p>\n","protected":false},"excerpt":{"rendered":"<p>S\u00e5dan st\u00f8tter du Medlemmer er foreningens fundament. Derfor er hvert eneste medlem vigtig for foreningen. Der er 2 medlemskategorier: \u00c5rsmedlem: Her er du medlem af foreningen og st\u00f8tter ideen om at BtG samarbejder med HOPin Academy om udvikling for unge iv\u00e6rks\u00e6ttere i Ghana. Det koster 150 kr. \u00e5rligt, men man m\u00e5 gerne betale mere. St\u00f8ttemedlem: &hellip; <\/p>\n<p class=\"link-more\"><a href=\"http:\/\/bidragtilghana.dk\/?page_id=172\" class=\"more-link\">Continue reading<span class=\"screen-reader-text\"> &#8220;S\u00e5dan st\u00f8tter du&#8221;<\/span><\/a><\/p>\n","protected":false},"author":1,"featured_media":0,"parent":0,"menu_order":0,"comment_status":"closed","ping_status":"closed","template":"brizy-blank-template.php","meta":{"footnotes":""},"class_list":["post-172","page","type-page","status-publish","hentry","entry"],"brizy_media":[{"id":37,"url":"http:\/\/bidragtilghana.dk\/wp-content\/uploads\/2025\/10\/sadan-stotter-du-scaled.jpg","name":"sadan-stotter-du.jpg","meta":{"brizy_attachment_uid":"wp-ff8fe56784ed3fab1662f39e071c3b24.jpg","brizy_post_uid":["a48ddf668c7366e53f7c4f8473c176ed","0a24b528c55c33a326831626f79e5993"]}}],"_links":{"self":[{"href":"http:\/\/bidragtilghana.dk\/index.php?rest_route=\/wp\/v2\/pages\/172","targetHints":{"allow":["GET"]}}],"collection":[{"href":"http:\/\/bidragtilghana.dk\/index.php?rest_route=\/wp\/v2\/pages"}],"about":[{"href":"http:\/\/bidragtilghana.dk\/index.php?rest_route=\/wp\/v2\/types\/page"}],"author":[{"embeddable":true,"href":"http:\/\/bidragtilghana.dk\/index.php?rest_route=\/wp\/v2\/users\/1"}],"replies":[{"embeddable":true,"href":"http:\/\/bidragtilghana.dk\/index.php?rest_route=%2Fwp%2Fv2%2Fcomments&post=172"}],"version-history":[{"count":8,"href":"http:\/\/bidragtilghana.dk\/index.php?rest_route=\/wp\/v2\/pages\/172\/revisions"}],"predecessor-version":[{"id":358,"href":"http:\/\/bidragtilghana.dk\/index.php?rest_route=\/wp\/v2\/pages\/172\/revisions\/358"}],"wp:attachment":[{"href":"http:\/\/bidragtilghana.dk\/index.php?rest_route=%2Fwp%2Fv2%2Fmedia&parent=172"}],"curies":[{"name":"wp","href":"https:\/\/api.w.org\/{rel}","templated":true}]}}