{"id":254,"date":"2025-10-30T08:40:10","date_gmt":"2025-10-30T08:40:10","guid":{"rendered":"https:\/\/bidragtilghana.dk\/?page_id=254"},"modified":"2026-04-08T00:03:12","modified_gmt":"2026-04-08T00:03:12","slug":"climate-smart-social-entrepreneurship","status":"publish","type":"page","link":"http:\/\/bidragtilghana.dk\/?page_id=254","title":{"rendered":"Climate-Smart Social Entrepreneurship"},"content":{"rendered":"<div class=\"brz brz-root__container brz-reset-all brz-root__container-page\">\n<section id=\"h18kaCyrijwv_h18kaCyrijwv\" class=\"brz-section brz-css-81vwg8 brz-css-1uvzpbw\">\n<div class=\"brz-section__content brz-section--boxed brz-css-kt7750 brz-css-1cux9e6\" data-brz-custom-id=\"cHkrtfWsa0mX\">\n<div class=\"brz-container brz-css-10ju1cr brz-css-qyfaah\">\n<div id=\"\" class=\"brz-css-1pgy26a brz-css-cx3epn brz-wrapper\">\n<div class=\"brz-rich-text brz-rich-text__custom brz-css-1un36oc brz-css-5thoyc\" data-brz-custom-id=\"sclViZXezb6E\">\n<div data-brz-translate-text=\"1\">\n<h1 class=\"brz-tp-lg-heading1 brz-css-yQjy9\" data-generated-css=\"brz-css-lxT34\" data-uniq-id=\"sZXNg\"><span class=\"brz-cp-color3\">Climate-Smart Social Entrepreneurship<\/span><\/h1>\n<\/div>\n<\/div>\n<\/div>\n<div id=\"\" class=\"brz-css-1pgy26a brz-css-a46fpj brz-wrapper\">\n<div class=\"brz-image brz-css-ff7cva brz-css-kfdi6d\" data-brz-custom-id=\"xfsPB6iwc8jf\"><img decoding=\"async\" class=\"brz-img\" src=\"https:\/\/bidragtilghana.dk\/wp-content\/uploads\/2025\/10\/projekter-climatesmart-scaled.jpg\" loading=\"lazy\" alt=\"\" title=\"projekter-climatesmart\"><\/div>\n<\/div>\n<div id=\"\" class=\"brz-css-1pgy26a brz-css-z3bmh1 brz-wrapper\">\n<div class=\"brz-rich-text brz-rich-text__custom brz-css-1un36oc brz-css-4otrc9\" data-brz-custom-id=\"bKxDhqiSJnQN\">\n<div data-brz-translate-text=\"1\">\n<p class=\"brz-tp-lg-paragraph brz-css-mGBCO\" data-generated-css=\"brz-css-oT1LV\" data-uniq-id=\"aUZc6\"><span class=\"brz-cp-color1\">Indsatsen er en forl\u00e6ngelse af den tidligere indsats p\u00e5 to \u00e5r, hvor HOPin skabte Northern Social Enterprises Network, et netv\u00e6rk for 160 unge iv\u00e6rks\u00e6ttere (60 procent er kvinder) i Nordghana. Netv\u00e6rket kan forbedre de unges levevilk\u00e5r p\u00e5 sigt. Ideen er at styrke de unges bevidsthed og l\u00e6re dem at advokere for deres rettigheder, samtidig med at de l\u00e6rer at st\u00e5 sammen i et netv\u00e6rk, som udvikles til&nbsp;at blive b\u00e6redygtigt i l\u00f8bet af nogle \u00e5r. I denne fase udvides antallet af virksomheder til 300, samtidig med at der arbejdes videre med at styrke netv\u00e6rket. Dette projekt s\u00e6tter fokus p\u00e5 klimaforandringer og klimal\u00f8sninger. Der undervises i klimatiltag, s\u00e5 de enkelte virksomheder kan blive bevidste om, hvordan man mindsker CO2-udslippet p\u00e5 forskellige m\u00e5der, og hvordan specielt landbruget kan tilpasse sig den nye klimavirkelighed, da netop landbruget er h\u00e5rdest ramt af klima\u00e6ndringerne. Der uddannes 20 klimaambassad\u00f8rer, som har st\u00f8rre viden til gavn for virksomhederne og til brug i advocacy samt i samarbejde med stakeholders og andre vigtige partnere.<\/span><\/p>\n<p data-generated-css=\"brz-css-abuId\" data-uniq-id=\"zwJKI\" class=\"brz-tp-lg-empty brz-ff-roboto brz-ft-google brz-fs-lg-18 brz-fss-lg-px brz-fw-lg-400 brz-ls-lg-0 brz-lh-lg-1_7 brz-vfw-lg-400 brz-fwdth-lg-100 brz-fsft-lg-0 brz-css-k9lSK\"><a class=\"link--external brz-cp-color5\" href=\"https:\/\/docs.google.com\/document\/d\/1eckanu3358-XolWjdKCjzZ6dDkMNZ9kB_ENytvq7D7Y\/edit?usp=sharing\" data-brz-link-type=\"external\">Link til ans\u00f8gning<\/a><\/p>\n<p class=\"brz-tp-lg-paragraph brz-css-owAgV\" data-generated-css=\"brz-css-tZN3_\" data-uniq-id=\"wxI4n\"><span class=\"brz-cp-color1\">(01.06.2024 \u2013 31.05.2026)<\/span><\/p>\n<\/div>\n<\/div>\n<\/div>\n<\/div>\n<\/div>\n<\/section><\/div>\n<p><!-- version:1762347991 --><\/p>\n","protected":false},"excerpt":{"rendered":"<p>Climate-Smart Social Entrepreneurship Indsatsen er en forl\u00e6ngelse af den tidligere indsats p\u00e5 to \u00e5r, hvor HOPin skabte Northern Social Enterprises Network, et netv\u00e6rk for 160 unge iv\u00e6rks\u00e6ttere (60 procent er kvinder) i Nordghana. Netv\u00e6rket kan forbedre de unges levevilk\u00e5r p\u00e5 sigt. Ideen er at styrke de unges bevidsthed og l\u00e6re dem at advokere for deres &hellip; <\/p>\n<p class=\"link-more\"><a href=\"http:\/\/bidragtilghana.dk\/?page_id=254\" class=\"more-link\">Continue reading<span class=\"screen-reader-text\"> &#8220;Climate-Smart Social Entrepreneurship&#8221;<\/span><\/a><\/p>\n","protected":false},"author":1,"featured_media":0,"parent":0,"menu_order":0,"comment_status":"closed","ping_status":"closed","template":"brizy-blank-template.php","meta":{"footnotes":""},"class_list":["post-254","page","type-page","status-publish","hentry","entry"],"brizy_media":[{"id":33,"url":"http:\/\/bidragtilghana.dk\/wp-content\/uploads\/2025\/10\/projekter-climatesmart-scaled.jpg","name":"projekter-climatesmart.jpg","meta":{"brizy_attachment_uid":"wp-6a86e19cbf0d429f92975c35e5dea2b6.jpg","brizy_post_uid":["47d79ac6cc3c42dfa51573503545183b","e39503d56df65957bc2d6d37fa1d35dd"]}}],"_links":{"self":[{"href":"http:\/\/bidragtilghana.dk\/index.php?rest_route=\/wp\/v2\/pages\/254","targetHints":{"allow":["GET"]}}],"collection":[{"href":"http:\/\/bidragtilghana.dk\/index.php?rest_route=\/wp\/v2\/pages"}],"about":[{"href":"http:\/\/bidragtilghana.dk\/index.php?rest_route=\/wp\/v2\/types\/page"}],"author":[{"embeddable":true,"href":"http:\/\/bidragtilghana.dk\/index.php?rest_route=\/wp\/v2\/users\/1"}],"replies":[{"embeddable":true,"href":"http:\/\/bidragtilghana.dk\/index.php?rest_route=%2Fwp%2Fv2%2Fcomments&post=254"}],"version-history":[{"count":3,"href":"http:\/\/bidragtilghana.dk\/index.php?rest_route=\/wp\/v2\/pages\/254\/revisions"}],"predecessor-version":[{"id":385,"href":"http:\/\/bidragtilghana.dk\/index.php?rest_route=\/wp\/v2\/pages\/254\/revisions\/385"}],"wp:attachment":[{"href":"http:\/\/bidragtilghana.dk\/index.php?rest_route=%2Fwp%2Fv2%2Fmedia&parent=254"}],"curies":[{"name":"wp","href":"https:\/\/api.w.org\/{rel}","templated":true}]}}